8*j**2 + 2. Let i be l(-8). What is the units digit of (-7)/((-7)/i) + 2?
4
Suppose o + 3*o + b = 25, 3*o = 4*b - 5. What is the units digit of o?
5
Suppose 0 = -6*u + 1203 - 141. What is the units digit of u?
7
Suppose -4 - 4 = 4*z, -3*z = -3*t + 180. What is the tens digit of t?
5
Let n(y) = -3 + y + 8 - 7*y - 6*y. What is the tens digit of n(-3)?
4
Suppose k = 2*d + 41, 6*d - 107 = -2*k + 5*d. What is the tens digit of k?
5
Let f(s) = -3*s**2 - 4*s - 7. Let m(q) = -3*q**2 - 4*q - 6. Let n(v) = 3*f(v) - 4*m(v). What is the units digit of n(-4)?
5
Let v(y) = 10*y**3 - 2*y - 1. Let n be v(-1). Let o = n - -15. Let i = 7 - o. What is the units digit of i?
1
Suppose -57 = -4*v + 23. Suppose -3*w = -5*w - v. Let z = 13 + w. What is the units digit of z?
3
Let b = 45 + -66. Let w = 60 + b. What is the tens digit of w?
3
Suppose i = -1, -88 - 48 = 4*h + 4*i. What is the units digit of h/(-9)*(-3)/(-1)?
1
Let y be 44/(-6)*21/(-14). Suppose x = y + 15. What is the units digit of x?
6
Let c(r) = r. Let y be c(2). Suppose 2*s = y*o + 36, 2*s + 4*o + 10 - 64 = 0. What is the units digit of s?
1
Let o(p) = p**2 + 5*p - 4. Let c be o(-6). Let f(t) = 11*t - 1. What is the tens digit of f(c)?
2
Let n(q) = -q**2 + 10*q + 14. Let y be n(10). Let f = 18 + y. What is the tens digit of f?
3
Let q = 1 - 9. Let o = -4 - q. Suppose o*d - 11 - 1 = 0. What is the units digit of d?
3
What is the hundreds digit of (-5)/10 - (-6)/4 - -102?
1
Suppose -7 - 43 = -2*k. Suppose -2*g - d + k = -23, 4*g - 2*d - 96 = 0. What is the tens digit of g?
2
Let x = 270 - 383. Let i = -73 - x. Suppose -g - 3*g = -i. What is the units digit of g?
0
Suppose 3 - 9 = 3*b - 5*p, -12 = -2*b - 2*p. Suppose b = -2*h + 5*h. Let v = h - -1. What is the units digit of v?
2
Suppose 4*q = 351 + 73. What is the hundreds digit of q?
1
Let t(o) = o**3 + 5*o**2 - 7*o - 5. Let c be t(-6). Let q = c - 2. Let r = 0 - q. What is the units digit of r?
1
Suppose -8*f = 734 - 2126. What is the hundreds digit of f?
1
Let o be 1 + (0 - (-4)/2). Suppose -o*u = -s + 2*s - 12, -5*u + 69 = 4*s. What is the units digit of s?
1
Let p(i) = -54*i - 2. Let g be p(-4). What is the units digit of (-16)/56 + g/14?
5
Let d(n) = 2*n - 1. Let q be d(3). Let m = 13 + q. What is the tens digit of m?
1
Let d = 37 + -22. What is the tens digit of d?
1
Suppose -2*y + 2*m + 76 = -0*m, -4*y - 4*m + 176 = 0. What is the tens digit of y?
4
Suppose 0 = p - 6*p + 15. Suppose -70 = -p*u - u - s, -2*u - 3*s = -30. What is the tens digit of u?
1
Let b be (0/(-1))/((-16)/8). Suppose b = z + 1, 4*r - z = -3*z + 14. What is the units digit of r?
4
Let v = -5 + 8. Suppose c + v*c = 20. What is the units digit of c?
5
Let t(n) = n**3 + 9*n**2 - 1. Let x be -7 + (-1*2 - 0). Let m be t(x). What is the units digit of (m - 1)/(2/(-7))?
7
Let k(b) = -6*b + 28. What is the tens digit of k(-6)?
6
Let t(b) = -2*b + 12. Let r be t(8). What is the tens digit of 72/7 - r/(-14)?
1
Let m be ((-28)/(-10))/((-1)/(-5)). What is the units digit of -3 + m - (2 + 0)?
9
Let b = 3 - -3. Let a(i) = -11*i**3 + 26*i**2 + 9*i - 14. Let u(w) = -7*w**3 + 17*w**2 + 6*w - 9. Let p(m) = -5*a(m) + 8*u(m). What is the units digit of p(b)?
6
Suppose 0 = -0*q + 3*q - 21. Let p = q - 3. What is the units digit of p?
4
Let s(y) = -y**2 + 5*y + 2. Let z(t) = -2*t - 1. Let w be z(-3). What is the units digit of s(w)?
2
Let w(o) = -o**3 - 4*o**2 - 7*o - 6. What is the units digit of w(-4)?
2
Let z = -4 + 12. Let x be -1 - (2 + -1 - -4). Let v = z + x. What is the units digit of v?
2
Let u = 3 + 1. Suppose 2*z + 0 + u = -2*k, 0 = -4*z + 4*k - 32. Let h(p) = p**3 + 5*p**2 - p - 1. What is the units digit of h(z)?
4
Let j(k) = k**3 + 24*k**2 + 19*k + 18. What is the tens digit of j(-23)?
1
Suppose 0 = 5*h + 4*g - 78, -3*g + 48 = 3*h - 0. What is the tens digit of h?
1
Suppose -3*i + 13*i - 1200 = 0. What is the tens digit of i?
2
Let u(g) = 71*g**3 - g**2 + 1. Let p be u(-1). Let d = -48 - p. What is the units digit of d?
3
Let g(x) = x - 11. Let a(l) = l**3 + 5*l**2 + 2*l - 3. Let s be a(-3). Let t be g(s). What is the units digit of (-1)/t*4 - -3?
5
Suppose -2*l = -0*l - 8. Suppose 4*s + 4*v = 76, 0*v - 2*v = -l. What is the units digit of s?
7
Let c(s) = 11*s + s**3 - 10*s**2 + 9 - 5*s + 0*s**3 + 4*s. What is the units digit of c(9)?
8
Let m be 10/(-15)*(1 + -4). Suppose -30 = -m*i + 32. What is the units digit of i?
1
Let u(p) = -p**3 + 13*p**2 + 13*p + 2. What is the tens digit of u(13)?
7
Let j = 0 + -14. Let z = -1 - j. What is the units digit of z?
3
Let n = 207 - 98. What is the tens digit of n?
0
Suppose 0 = -2*a + 4, 4*l - 2*a + 0*a - 12 = 0. Suppose -2 = 3*k - k, l*k - 23 = -3*n. What is the units digit of n?
9
Suppose -2*r = 3*i - 94, r - 25 = -4*r. Let w = -8 + i. What is the tens digit of w?
2
Suppose -b - 424 = -d - 92, -2*b - 1657 = -5*d. What is the units digit of d?
1
Suppose -93*i + 284 = -92*i. What is the hundreds digit of i?
2
Let l(w) be the third derivative of 1/120*w**6 + 2/3*w**3 + 0*w**4 + 1/15*w**5 + 0*w + w**2 + 0. What is the units digit of l(-3)?
3
Let t = -4 - 2. Let j be 32/6*t/4. What is the units digit of -2*(-2)/(j/(-10))?
5
Suppose 4*o - f - 104 = 0, -2*o - 3*f = -4*o + 42. What is the units digit of o?
7
Suppose 8*c - 4*c = -24. Let t(z) = z**3 + 5*z**2 - 9*z - 14. What is the units digit of t(c)?
4
Let m = 4 - 4. Let g be 2/4*(0 - m). Suppose o = 3*a + 18 - 5, g = -3*o + a + 7. What is the units digit of o?
1
Let p be ((-4)/10)/(4/(-20)). Suppose -p*q + 66 = -f, -q - 3*f + 108 = 2*q. What is the tens digit of q?
3
Let o(g) = 7*g - 4. What is the tens digit of o(9)?
5
Suppose -5*c - 2*y + 5 = 0, y + 16 = 4*c - 1. Suppose -2*i + 3*o - 411 = 2*i, 302 = -c*i + o. What is the tens digit of i/(-6) + 1/2?
1
Let b = 5 + -2. Suppose 5*s + 38 = s + 2*m, b*m + 15 = 0. Let c = s - -23. What is the tens digit of c?
1
Let z = -17 + 18. What is the units digit of (-3 + 2)/(-1) + z?
2
Let m = 69 - 49. Suppose -5*s + s = -m. What is the units digit of s?
5
What is the units digit of (0 - -15) + 42/14?
8
Suppose 0 = -2*m + 5*m. Let v = m - 6. Let r = 9 + v. What is the units digit of r?
3
Suppose 32*c - 996 = 26*c. What is the hundreds digit of c?
1
Let m = 12 - 9. Suppose -5*x + 3*x + 2*f = -52, -m*f + 42 = 2*x. What is the tens digit of x?
2
Let k(y) = y + 7. Let m be k(-7). Let p = 3 - m. What is the tens digit of 14 + 3/(p/(-2))?
1
Suppose 3*n + 7 - 13 = 0. Suppose -1 = -n*l + 1. What is the units digit of l?
1
What is the tens digit of -1 - (2 - 5) - -27?
2
Let z(n) = n**2 - 6*n - 3. Let l be z(6). Let o = l + 22. What is the units digit of o?
9
Let x(t) = -5*t + 2. Let v be x(-4). Suppose -4*d = -18 - v. What is the tens digit of d?
1
Let q = -5 + 5. Suppose q = -2*d - 6 + 26. What is the units digit of d?
0
Let o = -3 - -8. Let h = 15 - o. What is the tens digit of h?
1
Suppose 25 = 5*h, -3*h - h + 22 = s. Suppose l + 15 = 2*l. Suppose -s*d + 1 + l = 0. What is the units digit of d?
8
Let q = -5 + 4. Let v(d) = -d**3 - 8*d**3 + 2*d**3. What is the units digit of v(q)?
7
What is the hundreds digit of 758/4 + 12/(-24)?
1
Let y = 9 - 3. Suppose 2*l - y + 2 = 0. Suppose 2*v = 5*r + 10, 2*r + l = v - 3. What is the units digit of v?
5
Suppose 0 = -4*g - f + 366 - 107, -3*f - 311 = -5*g. What is the tens digit of g?
6
Let t(p) = 3*p - 9. What is the tens digit of t(15)?
3
Let v(u) = -2*u. Let q be v(-5). Let r be ((-6)/(-5))/((-9)/(-60)). Let y = q - r. What is the units digit of y?
2
Suppose o = -3*s + 173, 4*o + 277 = -s + 6*s. What is the units digit of s?
7
Let c(s) = 1 + 0*s**2 - 5*s**2 + 2*s**2 + 2*s**2 - 3*s. What is the units digit of c(-3)?
1
Let h = -3 + 2. What is the units digit of (-1 + 2)*h + 12?
1
Let r = 34 - 24. What is the units digit of r?
0
Let x(k) = k**3 + 8*k**2 + 3*k + 15. Let a be x(-6). Let y = 98 - a. What is the tens digit of y?
2
Let q be (1 - 2)*(1 + 0). Let u be (1 - 5 - q)*-1. Suppose -6*t + 24 = -u*t. What is the units digit of t?
8
Let h(x) = x - 2. Let l be h(3). Let s be (-94)/l*10/(-20). Let v = s - 27. What is the units digit of v?
0
Let b(v) = 7*v**3 + 4*v**2 - 4*v + 9. Let c(w) = -w**3 + w - 1. Let z(q) = -b(q) - 6*c(q). Suppose 0 = 2*a + 2 + 6. What is the units digit of z(a)?
5
Let j be ((-14)/4 - -3)*-8. Let z(w) = 